{"id":2,"date":"2016-03-10T23:39:35","date_gmt":"2016-03-10T23:39:35","guid":{"rendered":"http:\/\/iglesiasrohvein.com.ar\/blog\/?page_id=2"},"modified":"2017-03-20T21:51:47","modified_gmt":"2017-03-21T00:51:47","slug":"blog-homepage","status":"publish","type":"page","link":"https:\/\/iglesiasrohvein.com.ar\/blog\/blog-homepage\/","title":{"rendered":"IglesiasRhovein &#8211; Blog"},"content":{"rendered":"<h2 class=\"titulo_hom\">Nuestra Empresa<\/h2>\n<p class=\"bajada_hom\">Auditor\u00eda, Consultor\u00eda, Tercerizaci\u00f3n, Capacitaci\u00f3n.<\/p>\n<div class=\"texto_hom\">\n<div class=\"O\">\n<div><span lang=\"ES-MX\">\u00a0<\/span><\/div>\n<div><span lang=\"ES-MX\">Nuestra firma fue creada con el objeto de brindar servicios\u00a0 integrales en las \u00e1reas de <\/span><span lang=\"ES-MX\">auditor\u00eda, consultor\u00eda de negocios y asesoramiento gerencial.<\/span><\/div>\n<div><\/div>\n<div><span lang=\"ES-AR\">Somos un equipo de profesionales destacados por nuestra iniciativa, compromiso, <\/span><span lang=\"ES-AR\">capacidad de organizaci\u00f3n y gesti\u00f3n.\u00a0<\/span><\/div>\n<\/div>\n<\/div>\n","protected":false},"excerpt":{"rendered":"<p>Nuestra Empresa Auditor\u00eda, Consultor\u00eda, Tercerizaci\u00f3n, Capacitaci\u00f3n. \u00a0 Nuestra firma fue creada con el objeto de brindar servicios\u00a0 integrales en las \u00e1reas de auditor\u00eda, consultor\u00eda de negocios y asesoramiento gerencial. Somos un equipo de profesionales destacados por nuestra iniciativa, compromiso, capacidad de organizaci\u00f3n y gesti\u00f3n.\u00a0<\/p>\n","protected":false},"author":1,"featured_media":0,"parent":0,"menu_order":0,"comment_status":"closed","ping_status":"closed","template":"","meta":{"footnotes":""},"_links":{"self":[{"href":"https:\/\/iglesiasrohvein.com.ar\/blog\/wp-json\/wp\/v2\/pages\/2"}],"collection":[{"href":"https:\/\/iglesiasrohvein.com.ar\/blog\/wp-json\/wp\/v2\/pages"}],"about":[{"href":"https:\/\/iglesiasrohvein.com.ar\/blog\/wp-json\/wp\/v2\/types\/page"}],"author":[{"embeddable":true,"href":"https:\/\/iglesiasrohvein.com.ar\/blog\/wp-json\/wp\/v2\/users\/1"}],"replies":[{"embeddable":true,"href":"https:\/\/iglesiasrohvein.com.ar\/blog\/wp-json\/wp\/v2\/comments?post=2"}],"version-history":[{"count":6,"href":"https:\/\/iglesiasrohvein.com.ar\/blog\/wp-json\/wp\/v2\/pages\/2\/revisions"}],"predecessor-version":[{"id":25,"href":"https:\/\/iglesiasrohvein.com.ar\/blog\/wp-json\/wp\/v2\/pages\/2\/revisions\/25"}],"wp:attachment":[{"href":"https:\/\/iglesiasrohvein.com.ar\/blog\/wp-json\/wp\/v2\/media?parent=2"}],"curies":[{"name":"wp","href":"https:\/\/api.w.org\/{rel}","templated":true}]}}